{"id":3706,"date":"2014-11-26T14:21:30","date_gmt":"2014-11-26T12:21:30","guid":{"rendered":"http:\/\/stk-kairos.fi\/?page_id=3706"},"modified":"2014-11-26T14:56:26","modified_gmt":"2014-11-26T12:56:26","slug":"vuoden-mmxiii-tuotantoa","status":"publish","type":"page","link":"https:\/\/stk-kairos.fi\/?page_id=3706","title":{"rendered":"Vuoden MMXIII tuotantoa"},"content":{"rendered":"<p>Vuoden 2013 aikana maalasin Mikkeliss\u00e4. <\/p>\n<h3>&#8211;<\/h3>\n<div id=\"attachment_3342\" style=\"width: 264px\" class=\"wp-caption alignleft\"><a href=\"http:\/\/dagmar2.mceith.com\/wp-content\/uploads\/2013\/09\/IMG_0983.jpg\"><img loading=\"lazy\" decoding=\"async\" aria-describedby=\"caption-attachment-3342\" src=\"http:\/\/dagmar2.mceith.com\/wp-content\/uploads\/2013\/09\/IMG_0983-254x300.jpg\" alt=\"\" title=\"IMG_0983\" width=\"254\" height=\"300\" class=\"size-medium wp-image-3342\" srcset=\"https:\/\/stk-kairos.fi\/wp-content\/uploads\/2013\/09\/IMG_0983-254x300.jpg 254w, https:\/\/stk-kairos.fi\/wp-content\/uploads\/2013\/09\/IMG_0983-870x1024.jpg 870w\" sizes=\"auto, (max-width: 254px) 100vw, 254px\" \/><\/a><p id=\"caption-attachment-3342\" class=\"wp-caption-text\">Oma lemmikkini, puujakkara<\/p><\/div>\n<h3>&#8211;<\/h3>\n<div id=\"attachment_3331\" style=\"width: 245px\" class=\"wp-caption alignleft\"><a href=\"http:\/\/dagmar2.mceith.com\/wp-content\/uploads\/2013\/09\/IMG_0971.jpg\"><img loading=\"lazy\" decoding=\"async\" aria-describedby=\"caption-attachment-3331\" src=\"http:\/\/dagmar2.mceith.com\/wp-content\/uploads\/2013\/09\/IMG_0971-235x300.jpg\" alt=\"\" title=\"IMG_0971\" width=\"235\" height=\"300\" class=\"size-medium wp-image-3331\" srcset=\"https:\/\/stk-kairos.fi\/wp-content\/uploads\/2013\/09\/IMG_0971-235x300.jpg 235w, https:\/\/stk-kairos.fi\/wp-content\/uploads\/2013\/09\/IMG_0971-803x1024.jpg 803w\" sizes=\"auto, (max-width: 235px) 100vw, 235px\" \/><\/a><p id=\"caption-attachment-3331\" class=\"wp-caption-text\">Halkopino, t\u00e4t\u00e4 ty\u00f6t\u00e4 haluan jatkaa ja muuttaa toisenlaiseksi.<\/p><\/div>\n<h3>&#8211;<\/h3>\n<div id=\"attachment_3357\" style=\"width: 236px\" class=\"wp-caption alignleft\"><a href=\"http:\/\/dagmar2.mceith.com\/wp-content\/uploads\/2013\/10\/IMG_1019.jpg\"><img loading=\"lazy\" decoding=\"async\" aria-describedby=\"caption-attachment-3357\" src=\"http:\/\/dagmar2.mceith.com\/wp-content\/uploads\/2013\/10\/IMG_1019-226x300.jpg\" alt=\"\" title=\"IMG_1019\" width=\"226\" height=\"300\" class=\"size-medium wp-image-3357\" srcset=\"https:\/\/stk-kairos.fi\/wp-content\/uploads\/2013\/10\/IMG_1019-226x300.jpg 226w, https:\/\/stk-kairos.fi\/wp-content\/uploads\/2013\/10\/IMG_1019-771x1024.jpg 771w\" sizes=\"auto, (max-width: 226px) 100vw, 226px\" \/><\/a><p id=\"caption-attachment-3357\" class=\"wp-caption-text\">Pieni, hassu vesikannu.<\/p><\/div>\n<h3>&#8211;<\/h3>\n<div id=\"attachment_3347\" style=\"width: 237px\" class=\"wp-caption alignleft\"><a href=\"http:\/\/dagmar2.mceith.com\/wp-content\/uploads\/2013\/09\/IMG_0076.jpg\"><img loading=\"lazy\" decoding=\"async\" aria-describedby=\"caption-attachment-3347\" src=\"http:\/\/dagmar2.mceith.com\/wp-content\/uploads\/2013\/09\/IMG_0076-227x300.jpg\" alt=\"\" title=\"IMG_0076\" width=\"227\" height=\"300\" class=\"size-medium wp-image-3347\" srcset=\"https:\/\/stk-kairos.fi\/wp-content\/uploads\/2013\/09\/IMG_0076-227x300.jpg 227w, https:\/\/stk-kairos.fi\/wp-content\/uploads\/2013\/09\/IMG_0076-775x1024.jpg 775w\" sizes=\"auto, (max-width: 227px) 100vw, 227px\" \/><\/a><p id=\"caption-attachment-3347\" class=\"wp-caption-text\">Auringonkukat I<\/p><\/div>\n<h3>&#8211;<\/h3>\n<div id=\"attachment_3277\" style=\"width: 250px\" class=\"wp-caption alignleft\"><a href=\"http:\/\/dagmar2.mceith.com\/wp-content\/uploads\/2013\/08\/DSC_3771.jpg\"><img loading=\"lazy\" decoding=\"async\" aria-describedby=\"caption-attachment-3277\" src=\"http:\/\/dagmar2.mceith.com\/wp-content\/uploads\/2013\/08\/DSC_3771-240x300.jpg\" alt=\"\" title=\"DSC_3771\" width=\"240\" height=\"300\" class=\"size-medium wp-image-3277\" srcset=\"https:\/\/stk-kairos.fi\/wp-content\/uploads\/2013\/08\/DSC_3771-240x300.jpg 240w, https:\/\/stk-kairos.fi\/wp-content\/uploads\/2013\/08\/DSC_3771-819x1024.jpg 819w\" sizes=\"auto, (max-width: 240px) 100vw, 240px\" \/><\/a><p id=\"caption-attachment-3277\" class=\"wp-caption-text\">Ukkeli<\/p><\/div>\n<h3>&#8211;<\/h3>\n<div id=\"attachment_3271\" style=\"width: 249px\" class=\"wp-caption alignleft\"><a href=\"http:\/\/dagmar2.mceith.com\/wp-content\/uploads\/2013\/07\/DSC_35851.jpg\"><img loading=\"lazy\" decoding=\"async\" aria-describedby=\"caption-attachment-3271\" src=\"http:\/\/dagmar2.mceith.com\/wp-content\/uploads\/2013\/07\/DSC_35851-239x300.jpg\" alt=\"\" title=\"DSC_3585\" width=\"239\" height=\"300\" class=\"size-medium wp-image-3271\" \/><\/a><p id=\"caption-attachment-3271\" class=\"wp-caption-text\">Mansikkakeng\u00e4t II<\/p><\/div>\n<h3>&#8211;<\/h3>\n<div id=\"attachment_3255\" style=\"width: 310px\" class=\"wp-caption alignleft\"><a href=\"http:\/\/dagmar2.mceith.com\/wp-content\/uploads\/2013\/06\/DSC_3524.jpg\"><img loading=\"lazy\" decoding=\"async\" aria-describedby=\"caption-attachment-3255\" src=\"http:\/\/dagmar2.mceith.com\/wp-content\/uploads\/2013\/06\/DSC_3524-300x234.jpg\" alt=\"\" title=\"DSC_3524\" width=\"300\" height=\"234\" class=\"size-medium wp-image-3255\" srcset=\"https:\/\/stk-kairos.fi\/wp-content\/uploads\/2013\/06\/DSC_3524-300x234.jpg 300w, https:\/\/stk-kairos.fi\/wp-content\/uploads\/2013\/06\/DSC_3524.jpg 806w\" sizes=\"auto, (max-width: 300px) 100vw, 300px\" \/><\/a><p id=\"caption-attachment-3255\" class=\"wp-caption-text\">Orvokit<\/p><\/div>\n<h3>&#8211;<\/h3>\n<div id=\"attachment_3252\" style=\"width: 310px\" class=\"wp-caption alignleft\"><a href=\"http:\/\/dagmar2.mceith.com\/wp-content\/uploads\/2013\/06\/DSC_2755.jpg\"><img loading=\"lazy\" decoding=\"async\" aria-describedby=\"caption-attachment-3252\" src=\"http:\/\/dagmar2.mceith.com\/wp-content\/uploads\/2013\/06\/DSC_2755-300x249.jpg\" alt=\"\" title=\"DSC_2755\" width=\"300\" height=\"249\" class=\"size-medium wp-image-3252\" srcset=\"https:\/\/stk-kairos.fi\/wp-content\/uploads\/2013\/06\/DSC_2755-300x249.jpg 300w, https:\/\/stk-kairos.fi\/wp-content\/uploads\/2013\/06\/DSC_2755-1024x851.jpg 1024w\" sizes=\"auto, (max-width: 300px) 100vw, 300px\" \/><\/a><p id=\"caption-attachment-3252\" class=\"wp-caption-text\">Grape<\/p><\/div>\n<h3>&#8211;<\/h3>\n<div id=\"attachment_3142\" style=\"width: 218px\" class=\"wp-caption alignleft\"><a href=\"http:\/\/dagmar2.mceith.com\/wp-content\/uploads\/2010\/12\/DSC_2552.jpg\"><img loading=\"lazy\" decoding=\"async\" aria-describedby=\"caption-attachment-3142\" src=\"http:\/\/dagmar2.mceith.com\/wp-content\/uploads\/2010\/12\/DSC_2552-208x300.jpg\" alt=\"\" title=\"DSC_2552\" width=\"208\" height=\"300\" class=\"size-medium wp-image-3142\" srcset=\"https:\/\/stk-kairos.fi\/wp-content\/uploads\/2010\/12\/DSC_2552-208x300.jpg 208w, https:\/\/stk-kairos.fi\/wp-content\/uploads\/2010\/12\/DSC_2552-712x1024.jpg 712w\" sizes=\"auto, (max-width: 208px) 100vw, 208px\" \/><\/a><p id=\"caption-attachment-3142\" class=\"wp-caption-text\">Mansikkakeng\u00e4t<\/p><\/div>\n<h3>&#8211;<\/h3>\n<div id=\"attachment_3135\" style=\"width: 310px\" class=\"wp-caption alignleft\"><a href=\"http:\/\/dagmar2.mceith.com\/wp-content\/uploads\/2013\/05\/DSC_1369.jpg\"><img loading=\"lazy\" decoding=\"async\" aria-describedby=\"caption-attachment-3135\" src=\"http:\/\/dagmar2.mceith.com\/wp-content\/uploads\/2013\/05\/DSC_1369-300x250.jpg\" alt=\"\" title=\"DSC_1369\" width=\"300\" height=\"250\" class=\"size-medium wp-image-3135\" srcset=\"https:\/\/stk-kairos.fi\/wp-content\/uploads\/2013\/05\/DSC_1369-300x250.jpg 300w, https:\/\/stk-kairos.fi\/wp-content\/uploads\/2013\/05\/DSC_1369-1024x855.jpg 1024w\" sizes=\"auto, (max-width: 300px) 100vw, 300px\" \/><\/a><p id=\"caption-attachment-3135\" class=\"wp-caption-text\">Pullokori<\/p><\/div>\n<h3>&#8211;<\/h3>\n<div id=\"attachment_3141\" style=\"width: 261px\" class=\"wp-caption alignleft\"><a href=\"http:\/\/dagmar2.mceith.com\/wp-content\/uploads\/2010\/12\/DSC_0967.jpg\"><img loading=\"lazy\" decoding=\"async\" aria-describedby=\"caption-attachment-3141\" src=\"http:\/\/dagmar2.mceith.com\/wp-content\/uploads\/2010\/12\/DSC_0967-251x300.jpg\" alt=\"\" title=\"DSC_0967\" width=\"251\" height=\"300\" class=\"size-medium wp-image-3141\" srcset=\"https:\/\/stk-kairos.fi\/wp-content\/uploads\/2010\/12\/DSC_0967-251x300.jpg 251w, https:\/\/stk-kairos.fi\/wp-content\/uploads\/2010\/12\/DSC_0967-859x1024.jpg 859w\" sizes=\"auto, (max-width: 251px) 100vw, 251px\" \/><\/a><p id=\"caption-attachment-3141\" class=\"wp-caption-text\">Vihre\u00e4 viulu<\/p><\/div>\n<h3>&#8211;<\/h3>\n<div id=\"attachment_3370\" style=\"width: 310px\" class=\"wp-caption alignleft\"><a href=\"http:\/\/dagmar2.mceith.com\/wp-content\/uploads\/2013\/10\/IMG_1047.jpg\"><img loading=\"lazy\" decoding=\"async\" aria-describedby=\"caption-attachment-3370\" src=\"http:\/\/dagmar2.mceith.com\/wp-content\/uploads\/2013\/10\/IMG_1047-300x225.jpg\" alt=\"\" title=\"IMG_1047\" width=\"300\" height=\"225\" class=\"size-medium wp-image-3370\" srcset=\"https:\/\/stk-kairos.fi\/wp-content\/uploads\/2013\/10\/IMG_1047-300x225.jpg 300w, https:\/\/stk-kairos.fi\/wp-content\/uploads\/2013\/10\/IMG_1047-1024x768.jpg 1024w\" sizes=\"auto, (max-width: 300px) 100vw, 300px\" \/><\/a><p id=\"caption-attachment-3370\" class=\"wp-caption-text\">Kalasoppa<\/p><\/div>\n","protected":false},"excerpt":{"rendered":"<p>Vuoden 2013 aikana maalasin Mikkeliss\u00e4. &#8211; &#8211; &#8211; &#8211; &#8211; &#8211; &#8211; &#8211; &#8211; &#8211; &#8211; &#8211;<\/p>\n","protected":false},"author":2,"featured_media":0,"parent":3573,"menu_order":0,"comment_status":"closed","ping_status":"closed","template":"","meta":{"footnotes":""},"class_list":["post-3706","page","type-page","status-publish","hentry"],"_links":{"self":[{"href":"https:\/\/stk-kairos.fi\/index.php?rest_route=\/wp\/v2\/pages\/3706","targetHints":{"allow":["GET"]}}],"collection":[{"href":"https:\/\/stk-kairos.fi\/index.php?rest_route=\/wp\/v2\/pages"}],"about":[{"href":"https:\/\/stk-kairos.fi\/index.php?rest_route=\/wp\/v2\/types\/page"}],"author":[{"embeddable":true,"href":"https:\/\/stk-kairos.fi\/index.php?rest_route=\/wp\/v2\/users\/2"}],"replies":[{"embeddable":true,"href":"https:\/\/stk-kairos.fi\/index.php?rest_route=%2Fwp%2Fv2%2Fcomments&post=3706"}],"version-history":[{"count":6,"href":"https:\/\/stk-kairos.fi\/index.php?rest_route=\/wp\/v2\/pages\/3706\/revisions"}],"predecessor-version":[{"id":3729,"href":"https:\/\/stk-kairos.fi\/index.php?rest_route=\/wp\/v2\/pages\/3706\/revisions\/3729"}],"up":[{"embeddable":true,"href":"https:\/\/stk-kairos.fi\/index.php?rest_route=\/wp\/v2\/pages\/3573"}],"wp:attachment":[{"href":"https:\/\/stk-kairos.fi\/index.php?rest_route=%2Fwp%2Fv2%2Fmedia&parent=3706"}],"curies":[{"name":"wp","href":"https:\/\/api.w.org\/{rel}","templated":true}]}}