{"id":4011,"date":"2014-11-27T09:55:10","date_gmt":"2014-11-27T07:55:10","guid":{"rendered":"http:\/\/stk-kairos.fi\/?page_id=4011"},"modified":"2014-11-27T10:19:20","modified_gmt":"2014-11-27T08:19:20","slug":"norjalaista-koristetta","status":"publish","type":"page","link":"https:\/\/stk-kairos.fi\/?page_id=4011","title":{"rendered":"Norjalaista koristetta"},"content":{"rendered":"<div id=\"attachment_1822\" style=\"width: 310px\" class=\"wp-caption alignleft\"><a href=\"https:\/\/stk-kairos.fi\/wp-content\/uploads\/2011\/10\/punainen.jpg\"><img loading=\"lazy\" decoding=\"async\" aria-describedby=\"caption-attachment-1822\" src=\"https:\/\/stk-kairos.fi\/wp-content\/uploads\/2011\/10\/punainen-300x272.jpg\" alt=\"T\u00e4ss\u00e4 treenataan Ceen kaaria molempiin suuntiin sek\u00e4 kukkien l\u00e4ht\u00f6j\u00e4 rungosta.\" width=\"300\" height=\"272\" class=\"size-medium wp-image-1822\" srcset=\"https:\/\/stk-kairos.fi\/wp-content\/uploads\/2011\/10\/punainen-300x272.jpg 300w, https:\/\/stk-kairos.fi\/wp-content\/uploads\/2011\/10\/punainen-1024x930.jpg 1024w\" sizes=\"auto, (max-width: 300px) 100vw, 300px\" \/><\/a><p id=\"caption-attachment-1822\" class=\"wp-caption-text\">T\u00e4ss\u00e4 treenataan Ceen kaaria molempiin suuntiin sek\u00e4 kukkien l\u00e4ht\u00f6j\u00e4 rungosta.<\/p><\/div>\n<p><a href=\"https:\/\/stk-kairos.fi\/wp-content\/uploads\/2011\/10\/punainen-II-yksityiskohta1.jpg\"><img loading=\"lazy\" decoding=\"async\" src=\"https:\/\/stk-kairos.fi\/wp-content\/uploads\/2011\/10\/punainen-II-yksityiskohta1-300x272.jpg\" alt=\"Yksityiskohta reunakuviosta sek\u00e4 kukista.\" width=\"300\" height=\"272\" class=\"alignleft size-medium wp-image-1825\" srcset=\"https:\/\/stk-kairos.fi\/wp-content\/uploads\/2011\/10\/punainen-II-yksityiskohta1-300x272.jpg 300w, https:\/\/stk-kairos.fi\/wp-content\/uploads\/2011\/10\/punainen-II-yksityiskohta1-1024x930.jpg 1024w\" sizes=\"auto, (max-width: 300px) 100vw, 300px\" \/><\/a><\/p>\n<h3>&#8211;<\/h3>\n<div id=\"attachment_1827\" style=\"width: 273px\" class=\"wp-caption alignleft\"><a href=\"https:\/\/stk-kairos.fi\/wp-content\/uploads\/2011\/10\/sininen1.jpg\"><img loading=\"lazy\" decoding=\"async\" aria-describedby=\"caption-attachment-1827\" src=\"https:\/\/stk-kairos.fi\/wp-content\/uploads\/2011\/10\/sininen1-263x300.jpg\" alt=\"Niinsanotun STAFEERAUKSEN treenausta. Stafeeraus on sit\u00e4 varsinaista koristemaalausta, josta norjalainen tyyli tunnettu.\" width=\"263\" height=\"300\" class=\"size-medium wp-image-1827\" srcset=\"https:\/\/stk-kairos.fi\/wp-content\/uploads\/2011\/10\/sininen1-263x300.jpg 263w, https:\/\/stk-kairos.fi\/wp-content\/uploads\/2011\/10\/sininen1-900x1024.jpg 900w\" sizes=\"auto, (max-width: 263px) 100vw, 263px\" \/><\/a><p id=\"caption-attachment-1827\" class=\"wp-caption-text\">Niinsanotun STAFEERAUKSEN treenausta. Stafeeraus on sit\u00e4 varsinaista koristemaalausta, josta norjalainen tyyli tunnettu.<\/p><\/div>\n<div id=\"attachment_1823\" style=\"width: 247px\" class=\"wp-caption alignleft\"><a href=\"https:\/\/stk-kairos.fi\/wp-content\/uploads\/2011\/10\/punainen-II.jpg\"><img loading=\"lazy\" decoding=\"async\" aria-describedby=\"caption-attachment-1823\" src=\"https:\/\/stk-kairos.fi\/wp-content\/uploads\/2011\/10\/punainen-II-237x300.jpg\" alt=\"Sinist\u00e4 v\u00e4ri\u00e4 tuotu mukaan kukkien ja akantuksen v\u00e4rien rinnalle.\" width=\"237\" height=\"300\" class=\"size-medium wp-image-1823\" srcset=\"https:\/\/stk-kairos.fi\/wp-content\/uploads\/2011\/10\/punainen-II-237x300.jpg 237w, https:\/\/stk-kairos.fi\/wp-content\/uploads\/2011\/10\/punainen-II-811x1024.jpg 811w\" sizes=\"auto, (max-width: 237px) 100vw, 237px\" \/><\/a><p id=\"caption-attachment-1823\" class=\"wp-caption-text\">Sinist\u00e4 v\u00e4ri\u00e4 tuotu mukaan kukkien ja akantuksen v\u00e4rien rinnalle.<\/p><\/div>\n","protected":false},"excerpt":{"rendered":"<p>&#8211;<\/p>\n","protected":false},"author":2,"featured_media":0,"parent":3738,"menu_order":0,"comment_status":"closed","ping_status":"closed","template":"","meta":{"footnotes":""},"class_list":["post-4011","page","type-page","status-publish","hentry"],"_links":{"self":[{"href":"https:\/\/stk-kairos.fi\/index.php?rest_route=\/wp\/v2\/pages\/4011","targetHints":{"allow":["GET"]}}],"collection":[{"href":"https:\/\/stk-kairos.fi\/index.php?rest_route=\/wp\/v2\/pages"}],"about":[{"href":"https:\/\/stk-kairos.fi\/index.php?rest_route=\/wp\/v2\/types\/page"}],"author":[{"embeddable":true,"href":"https:\/\/stk-kairos.fi\/index.php?rest_route=\/wp\/v2\/users\/2"}],"replies":[{"embeddable":true,"href":"https:\/\/stk-kairos.fi\/index.php?rest_route=%2Fwp%2Fv2%2Fcomments&post=4011"}],"version-history":[{"count":2,"href":"https:\/\/stk-kairos.fi\/index.php?rest_route=\/wp\/v2\/pages\/4011\/revisions"}],"predecessor-version":[{"id":4015,"href":"https:\/\/stk-kairos.fi\/index.php?rest_route=\/wp\/v2\/pages\/4011\/revisions\/4015"}],"up":[{"embeddable":true,"href":"https:\/\/stk-kairos.fi\/index.php?rest_route=\/wp\/v2\/pages\/3738"}],"wp:attachment":[{"href":"https:\/\/stk-kairos.fi\/index.php?rest_route=%2Fwp%2Fv2%2Fmedia&parent=4011"}],"curies":[{"name":"wp","href":"https:\/\/api.w.org\/{rel}","templated":true}]}}