{"id":4285,"date":"2015-03-22T11:02:45","date_gmt":"2015-03-22T09:02:45","guid":{"rendered":"http:\/\/stk-kairos.fi\/?page_id=4285"},"modified":"2015-03-22T11:02:45","modified_gmt":"2015-03-22T09:02:45","slug":"tulppaaneja-2","status":"publish","type":"page","link":"https:\/\/stk-kairos.fi\/?page_id=4285","title":{"rendered":"Tulppaaneja"},"content":{"rendered":"<div id=\"attachment_4279\" style=\"width: 236px\" class=\"wp-caption alignleft\"><a href=\"https:\/\/stk-kairos.fi\/wp-content\/uploads\/2014\/11\/IMG_3047.jpg\"><img loading=\"lazy\" decoding=\"async\" aria-describedby=\"caption-attachment-4279\" src=\"https:\/\/stk-kairos.fi\/wp-content\/uploads\/2014\/11\/IMG_3047-226x300.jpg\" alt=\"Sainhan m\u00e4 niit\u00e4 tulppaaneja paperille, onneton kuitenkin pesin paperia liian kovalla siveltimell\u00e4. Siit\u00e4h\u00e4n paperi meni huonoon kuntoon, ei kun vain uutta yritt\u00e4m\u00e4\u00e4n.\" width=\"226\" height=\"300\" class=\"size-medium wp-image-4279\" srcset=\"https:\/\/stk-kairos.fi\/wp-content\/uploads\/2014\/11\/IMG_3047-226x300.jpg 226w, https:\/\/stk-kairos.fi\/wp-content\/uploads\/2014\/11\/IMG_3047-774x1024.jpg 774w\" sizes=\"auto, (max-width: 226px) 100vw, 226px\" \/><\/a><p id=\"caption-attachment-4279\" class=\"wp-caption-text\">Sainhan m\u00e4 niit\u00e4 tulppaaneja paperille, onneton kuitenkin pesin paperia liian kovalla siveltimell\u00e4. Siit\u00e4h\u00e4n paperi meni huonoon kuntoon, ei kun vain uutta yritt\u00e4m\u00e4\u00e4n.<\/p><\/div>\n<div id=\"attachment_4276\" style=\"width: 310px\" class=\"wp-caption alignleft\"><a href=\"https:\/\/stk-kairos.fi\/wp-content\/uploads\/2014\/11\/IMG_3003.jpg\"><img loading=\"lazy\" decoding=\"async\" aria-describedby=\"caption-attachment-4276\" src=\"https:\/\/stk-kairos.fi\/wp-content\/uploads\/2014\/11\/IMG_3003-300x229.jpg\" alt=\"Papukaijatulppaaneja\" width=\"300\" height=\"229\" class=\"size-medium wp-image-4276\" srcset=\"https:\/\/stk-kairos.fi\/wp-content\/uploads\/2014\/11\/IMG_3003-300x229.jpg 300w, https:\/\/stk-kairos.fi\/wp-content\/uploads\/2014\/11\/IMG_3003-1024x781.jpg 1024w\" sizes=\"auto, (max-width: 300px) 100vw, 300px\" \/><\/a><p id=\"caption-attachment-4276\" class=\"wp-caption-text\">Papukaijatulppaaneja<\/p><\/div>\n","protected":false},"excerpt":{"rendered":"","protected":false},"author":2,"featured_media":0,"parent":3561,"menu_order":0,"comment_status":"closed","ping_status":"closed","template":"","meta":{"footnotes":""},"class_list":["post-4285","page","type-page","status-publish","hentry"],"_links":{"self":[{"href":"https:\/\/stk-kairos.fi\/index.php?rest_route=\/wp\/v2\/pages\/4285","targetHints":{"allow":["GET"]}}],"collection":[{"href":"https:\/\/stk-kairos.fi\/index.php?rest_route=\/wp\/v2\/pages"}],"about":[{"href":"https:\/\/stk-kairos.fi\/index.php?rest_route=\/wp\/v2\/types\/page"}],"author":[{"embeddable":true,"href":"https:\/\/stk-kairos.fi\/index.php?rest_route=\/wp\/v2\/users\/2"}],"replies":[{"embeddable":true,"href":"https:\/\/stk-kairos.fi\/index.php?rest_route=%2Fwp%2Fv2%2Fcomments&post=4285"}],"version-history":[{"count":1,"href":"https:\/\/stk-kairos.fi\/index.php?rest_route=\/wp\/v2\/pages\/4285\/revisions"}],"predecessor-version":[{"id":4286,"href":"https:\/\/stk-kairos.fi\/index.php?rest_route=\/wp\/v2\/pages\/4285\/revisions\/4286"}],"up":[{"embeddable":true,"href":"https:\/\/stk-kairos.fi\/index.php?rest_route=\/wp\/v2\/pages\/3561"}],"wp:attachment":[{"href":"https:\/\/stk-kairos.fi\/index.php?rest_route=%2Fwp%2Fv2%2Fmedia&parent=4285"}],"curies":[{"name":"wp","href":"https:\/\/api.w.org\/{rel}","templated":true}]}}