{"id":985,"date":"2010-12-28T18:24:13","date_gmt":"2010-12-28T16:24:13","guid":{"rendered":"http:\/\/dagmar2.mceith.com\/?page_id=985"},"modified":"2014-11-26T15:26:40","modified_gmt":"2014-11-26T13:26:40","slug":"messuja-myyjaisia","status":"publish","type":"page","link":"https:\/\/stk-kairos.fi\/?page_id=985","title":{"rendered":"Messuja, myyj\u00e4isi\u00e4"},"content":{"rendered":"<div id=\"attachment_978\" style=\"width: 510px\" class=\"wp-caption alignnone\"><a href=\"http:\/\/dagmar2.mceith.com\/wp-content\/uploads\/2010\/12\/Kairos-tuotteet-022.gif\"><img loading=\"lazy\" decoding=\"async\" aria-describedby=\"caption-attachment-978\" class=\"size-medium wp-image-978 \" title=\"Kairos tuotteet 022\" src=\"http:\/\/dagmar2.mceith.com\/wp-content\/uploads\/2010\/12\/Kairos-tuotteet-022-262x300.gif\" alt=\"\" width=\"300\" height=\"343\" srcset=\"https:\/\/stk-kairos.fi\/wp-content\/uploads\/2010\/12\/Kairos-tuotteet-022-262x300.gif 262w, https:\/\/stk-kairos.fi\/wp-content\/uploads\/2010\/12\/Kairos-tuotteet-022-896x1024.gif 896w, https:\/\/stk-kairos.fi\/wp-content\/uploads\/2010\/12\/Kairos-tuotteet-022.gif 898w\" sizes=\"auto, (max-width: 300px) 100vw, 300px\" \/><\/a><p id=\"caption-attachment-978\" class=\"wp-caption-text\">Avoimien ovien p\u00e4iv\u00e4 ja myyj\u00e4iset Sedulla, Pappilantiell\u00e4 11.12.2010<\/p><\/div>\n<div id=\"attachment_988\" style=\"width: 510px\" class=\"wp-caption alignleft\"><a href=\"http:\/\/dagmar2.mceith.com\/wp-content\/uploads\/2010\/12\/kynttilat.jpg\"><img loading=\"lazy\" decoding=\"async\" aria-describedby=\"caption-attachment-988\" class=\"size-medium wp-image-988\" title=\"kynttilat\" src=\"http:\/\/dagmar2.mceith.com\/wp-content\/uploads\/2010\/12\/kynttilat-232x300.jpg\" alt=\"\" width=\"300\" height=\"387\" srcset=\"https:\/\/stk-kairos.fi\/wp-content\/uploads\/2010\/12\/kynttilat-232x300.jpg 232w, https:\/\/stk-kairos.fi\/wp-content\/uploads\/2010\/12\/kynttilat-793x1024.jpg 793w, https:\/\/stk-kairos.fi\/wp-content\/uploads\/2010\/12\/kynttilat.jpg 1920w\" sizes=\"auto, (max-width: 300px) 100vw, 300px\" \/><\/a><p id=\"caption-attachment-988\" class=\"wp-caption-text\">Sein\u00e4joen Areenalla Joulumyyj\u00e4iset 18.-19.12.2010<\/p><\/div>\n","protected":false},"excerpt":{"rendered":"","protected":false},"author":2,"featured_media":0,"parent":2478,"menu_order":0,"comment_status":"open","ping_status":"open","template":"","meta":{"footnotes":""},"class_list":["post-985","page","type-page","status-publish","hentry"],"_links":{"self":[{"href":"https:\/\/stk-kairos.fi\/index.php?rest_route=\/wp\/v2\/pages\/985","targetHints":{"allow":["GET"]}}],"collection":[{"href":"https:\/\/stk-kairos.fi\/index.php?rest_route=\/wp\/v2\/pages"}],"about":[{"href":"https:\/\/stk-kairos.fi\/index.php?rest_route=\/wp\/v2\/types\/page"}],"author":[{"embeddable":true,"href":"https:\/\/stk-kairos.fi\/index.php?rest_route=\/wp\/v2\/users\/2"}],"replies":[{"embeddable":true,"href":"https:\/\/stk-kairos.fi\/index.php?rest_route=%2Fwp%2Fv2%2Fcomments&post=985"}],"version-history":[{"count":8,"href":"https:\/\/stk-kairos.fi\/index.php?rest_route=\/wp\/v2\/pages\/985\/revisions"}],"predecessor-version":[{"id":3582,"href":"https:\/\/stk-kairos.fi\/index.php?rest_route=\/wp\/v2\/pages\/985\/revisions\/3582"}],"up":[{"embeddable":true,"href":"https:\/\/stk-kairos.fi\/index.php?rest_route=\/wp\/v2\/pages\/2478"}],"wp:attachment":[{"href":"https:\/\/stk-kairos.fi\/index.php?rest_route=%2Fwp%2Fv2%2Fmedia&parent=985"}],"curies":[{"name":"wp","href":"https:\/\/api.w.org\/{rel}","templated":true}]}}

Messuja, myyjäisiä

<div id="attachment_978" style="width: 510px" class="wp-caption alignnone"><a href="http://dagmar2.mceith.com/wp-content/uploads/2010/12/Kairos-tuotteet-022.gif"><img loading="lazy" decoding="async" aria-describedby="caption-attachment-978" class="size-medium wp-image-978 " title="Kairos tuotteet 022" src="http://dagmar2.mceith.com/wp-content/uploads/2010/12/Kairos-tuotteet-022-262x300.gif" alt="" width="300" height="343" srcset="https://stk-kairos.fi/wp-content/uploads/2010/12/Kairos-tuotteet-022-262x300.gif 262w, https://stk-kairos.fi/wp-content/uploads/2010/12/Kairos-tuotteet-022-896x1024.gif 896w, https://stk-kairos.fi/wp-content/uploads/2010/12/Kairos-tuotteet-022.gif 898w" sizes="auto, (max-width: 300px) 100vw, 300px" /></a><p id="caption-attachment-978" class="wp-caption-text">Avoimien ovien päivä ja myyjäiset Sedulla, Pappilantiellä 11.12.2010</p></div>
<div id="attachment_988" style="width: 510px" class="wp-caption alignleft"><a href="http://dagmar2.mceith.com/wp-content/uploads/2010/12/kynttilat.jpg"><img loading="lazy" decoding="async" aria-describedby="caption-attachment-988" class="size-medium wp-image-988" title="kynttilat" src="http://dagmar2.mceith.com/wp-content/uploads/2010/12/kynttilat-232x300.jpg" alt="" width="300" height="387" srcset="https://stk-kairos.fi/wp-content/uploads/2010/12/kynttilat-232x300.jpg 232w, https://stk-kairos.fi/wp-content/uploads/2010/12/kynttilat-793x1024.jpg 793w, https://stk-kairos.fi/wp-content/uploads/2010/12/kynttilat.jpg 1920w" sizes="auto, (max-width: 300px) 100vw, 300px" /></a><p id="caption-attachment-988" class="wp-caption-text">Seinäjoen Areenalla Joulumyyjäiset 18.-19.12.2010</p></div>
